3*w - 6 = 0. Let v = -121669 - -121678. Calculate the remainder when v is divided by 27/w*4/3.
3
Let u be ((-72)/10)/(130/(-325)). Suppose 0 = 17*m - 19*m + u. Let d = 69 - -1. Calculate the remainder when d is divided by m.
7
Let k(v) = -157*v - 13*v**3 - 1 + 73*v + 83*v - 3*v**2. Calculate the remainder when k(-2) is divided by 32.
29
Let t = -8 + 16. Suppose -11*v + 9*v + t = 0. Suppose 0 = v*p + 5*p - 990. Calculate the remainder when p is divided by 16.
14
Let i = 558 + 124. Let y be (120/(-21) - -6) + i/14. Suppose -2*c + 3*n = -13, -5*n - y = -5*c - 3*n. What is the remainder when c is divided by 3?
2
Let g(d) = -10*d**2 + d + 2. Let p be g(-2). Suppose 42 = k - 2*a, -5*a + a = 4*k - 180. Let o = p + k. Calculate the remainder when 20 is divided by o.
0
Let g = -12276 + 12333. Calculate the remainder when 446 is divided by g.
47
Suppose 828 = -n + 831, i = -n + 19. What is the remainder when 36 is divided by i?
4
Let i = -5493 + 5874. What is the remainder when i is divided by 96?
93
Suppose 3*y - 11*y + 72 = 0. Let l be (y - 11) + (-4)/(-2). Suppose -2*r = -l*r + 2, 0 = 2*o - 2*r - 120. What is the remainder when o is divided by 15?
14
Let f be (-76)/57 - (1 - 1498/3). Suppose 3*j - 131 = -51*s + 50*s, 3*j = -4*s + f. Calculate the remainder when s is divided by 107.
15
Let w = -21 - -26. Suppose w*n = -2*n. Suppose 2*b + 8 = n, -l + 0*l = b - 11. Calculate the remainder when l is divided by 9.
6
Suppose 3*m - 3*g - 42 = 0, -4*m + 55*g - 130 = 82*g. Calculate the remainder when 1406 is divided by m.
6
Suppose -56 = 11*k - 25*k - 14*k. Calculate the remainder when k is divided by 2.
0
Let p = 19 + 10. Suppose -4*a + 5*n + 233 = 67, 0 = -a - 5*n + p. Suppose -6*k + 33 + a = 0. What is the remainder when k is divided by 8?
4
Suppose -30*d + 38*d - 200 = 0. Let v(i) = i**2 - 28*i + 124. Calculate the remainder when 108 is divided by v(d).
10
Suppose -1075 = 35*f + 535. What is the remainder when (36/(-6))/12*f is divided by 5?
3
Let n = -229 - -251. What is the remainder when (-2)/21 - (2 - (-12362)/(-147)) is divided by n?
16
Let w(i) be the third derivative of -i**6/120 - 3*i**5/5 - 17*i**4/6 + 7*i**3/6 - 27*i**2 - 4*i. Calculate the remainder when 68 is divided by w(-34).
5
Let v(r) = r**3 + 79*r**2 + 220*r + 143. What is the remainder when v(-76) is divided by 246?
13
Let f be (-24)/(-36) + (-343)/(-3). Suppose 111*v = f*v - 84. Calculate the remainder when v is divided by 12.
9
Suppose -2*f - 5*p = -61, -5*f + 80 = p - 3*p. Suppose -3*i + 3*v - 2 = -95, i = 4*v + 73. Calculate the remainder when f is divided by i.
1
Let y = 421 - 296. Calculate the remainder when y is divided by 65.
60
Suppose 5*y + 22*n = 24*n + 816, 12 = -4*n. What is the remainder when y is divided by 60?
42
Let l(i) = -i**3 - 23*i**2 + 22*i - 43. Let j be l(-24). Suppose j*b - 111 = -5*m - 6, 2*m + 77 = 5*b. Calculate the remainder when 98 is divided by b.
13
Suppose 0 = 8*z - 397 - 3. Suppose -2*w + 2*l = -44, -3*w + 2*w = 4*l - 2. What is the remainder when z is divided by w?
14
Suppose 4*c - 2*x = -135 + 33, 150 = -5*c - 2*x. Suppose -2*t = -12*t + 2210. Let r = t + c. Calculate the remainder when r is divided by 28.
25
Suppose -195*q = -200*q + 350. Let v = q + -47. What is the remainder when 114 is divided by v?
22
What is the remainder when (-96)/(-384) - 4/(16/(-3975)) is divided by 324?
22
Let v be (42/(-12) - 0)*(0 + -46). Let o = 68 + v. What is the remainder when o is divided by 47?
41
Let b(k) = 14*k**2 - 5*k + 10. Let p be b(3). Let c = -34 + p. Calculate the remainder when c is divided by 37.
13
Suppose 3*p = -5*s + p + 18, -3*p = 11*s - 48. What is the remainder when 1825 is divided by s?
1
Suppose -5*r = -o + 23, -r - 235 = -3*o - 2*o. Suppose -1206 = -8*j + 426. What is the remainder when o is divided by (4 - (-120)/(-32))/(3/j)?
14
What is the remainder when (-22 - -30) + (151 - 6/(-3)) is divided by 53?
2
Suppose -1582 = 4*g - 2*h - 1846, 5*g = 2*h + 333. What is the remainder when 135 is divided by g?
66
Calculate the remainder when 200 is divided by 25 - (0 - 54/9).
14
Suppose 0 = -3*f + 5*h + 88, -8*f + 5*f + 3*h = -84. Calculate the remainder when 1246 is divided by f.
24
Suppose -7*m - 5*m = -60. Suppose m*p = 23*p - 1062. Let j = 0 - -16. Calculate the remainder when p is divided by j.
11
Suppose 2*u - 80 = u. Suppose -42 + 66 + 81 = 7*c. What is the remainder when u is divided by c?
5
Let g be (-4560)/(-8) + 8 - -7. Let m = 597 - g. Calculate the remainder when ((-268)/6)/(2/(-3)) is divided by m.
7
Suppose 2*l + 10*l - 516 = 0. What is the remainder when l is divided by 322/19 + 112/2128?
9
Let i(m) = 313*m - 1038. What is the remainder when 1028 is divided by i(4)?
172
Let m(p) = -p**3 + 89*p**2 - 259*p + 180. Calculate the remainder when m(86) is divided by (-1 + 2)/(834/276 + -3).
2
Let i(c) = c**2 + 95*c + 796. Calculate the remainder when 1116 is divided by i(-9).
16
Let g(n) = -n**2 - 6*n. Let o be (-63)/(-12) - (-2)/(-8). Suppose 0 = 4*p + o - 73. What is the remainder when p is divided by g(-5)?
2
Suppose v = 4*t + 125, 0*v - 351 = -3*v + 4*t. Calculate the remainder when 1013 is divided by v.
109
Suppose -5*u - w = -32, 4*u - 15*w = -20*w - 8. Calculate the remainder when 5092 is divided by u.
4
Suppose 29*u - 115311 = -114325. Calculate the remainder when (0 - -36) + 5 + -4 is divided by u.
3
What is the remainder when (-40)/(-5) + 58468/42 + (-66)/693 is divided by 1390?
10
Suppose 0 = -5*s - 19*h + 20*h + 1310, 5*s = -5*h + 1280. What is the remainder when s is divided by 65?
1
Let f be (-1096)/(-14) - (-16)/(-56). Suppose o - r - f = r, -3*o + r = -239. Calculate the remainder when 797 is divided by o.
77
Let c = 408 - 12. Let m = c + -221. What is the remainder when m is divided by 2?
1
Let h = 84 + -57. Let k = -428 - -633. What is the remainder when 228/5 - 1 - (-82)/k is divided by h?
18
Let c be (2/(-6))/(-3 - 206/(-69)). Suppose c = -7*o + 58. Suppose 16 = p - 3*d - 192, -o*p + 4*d = -1018. What is the remainder when p is divided by 41?
38
Let v = 827 - 811. Suppose 4*x - 446 = 5*l, -75 = -x - 2*l + 30. Calculate the remainder when x is divided by v.
13
Suppose 4*s + 24 - 64 = 0. Let i = -176 - -264. Suppose -58 = -3*z + 2*f, -12 = -5*z + 4*f + i. Calculate the remainder when z is divided by s.
6
Let z(g) = -3*g - 84. Let q(c) = -1. Let o(r) = 12*q(r) - z(r). What is the remainder when o(3) is divided by 47?
34
Let p be (-6 - -4 - -2)/(4/(-4)). Suppose -65 = -3*t - 2*i + 37, p = -2*t + 2*i + 58. What is the remainder when t is divided by (6/(-9))/((-2)/33)?
10
Suppose 3*h - 6234 = -4*t, 2*h + 109*t - 4156 = 105*t. Calculate the remainder when h is divided by 131.
113
Calculate the remainder when ((-23380)/8 - -17)*2/(-3) is divided by 19.
18
Suppose 2*t = 2, 1786 = 2*x - 22*t + 18*t. What is the remainder when x is divided by 64?
63
Let f(b) = -b**3 + 3*b**2 + 9*b + 12. Let v be f(5). Suppose v*n - 901 = 723. Calculate the remainder when n is divided by 47.
44
Let v(a) = 35*a**2 - 152*a + 52. Let u be ((-3)/(-2))/(6/20). Suppose u*q = -5 + 55. What is the remainder when q is divided by v(4)?
2
Let s = 3 + 2. Suppose -22*x = -143*x + 22242 - 3366. Suppose 0 = -4*d - v + x, -3*d - s*v + 0*v = -134. What is the remainder when 113 is divided by d?
37
Let z = 1868 + -1851. Calculate the remainder when 92 is divided by z.
7
Let y(x) = -16*x - 10. Let t be y(-5). Let z = t + -47. Suppose 2*i + 33 = 5*p, p + 3*p - 33 = -5*i. What is the remainder when z is divided by p?
2
Suppose -2*k = -0*k - 102. Let c be -218*((-2 - -5) + -4). Let z = c - 67. Calculate the remainder when z is divided by k.
49
Let z be (-4)/(-8) - (-67)/2. Let y = z + 305. Calculate the remainder when y is divided by 19.
16
Suppose 2*d - 130 = 2*x, 5*d + 12*x = 9*x + 317. Calculate the remainder when 1725 is divided by d.
61
Let j(q) = -2*q - 65. What is the remainder when 263 is divided by j(-34)?
2
Let k be 15*(-4 - (-5)/5). Calculate the remainder when ((-459)/k)/((-2)/(-30)) is divided by 11.
10
Let j = -358 - -425. Suppose -j = -p - 23. What is the remainder when p is divided by 43?
1
Let x(u) = u**3 + 32*u**2 - 28*u + 331. What is the remainder when x(-33) is divided by 158?
8
Suppose f - 2*f + 5 = 2*y, 3*f - 9 = -3*y. Suppose -y*g - 2*x + 276 = -